
2, 5, 17
What are the prime factors of 771?
3, 257
What are the prime factors of 46101?
3, 11, 127
What are the prime factors of 210?
2, 3, 5, 7
What are the prime factors of 284?
2, 71
List the prime factors of 38112.
2, 3, 397
List the prime factors of 1549.
1549
List the prime factors of 3682.
2, 7, 263
List the prime factors of 27555.
3, 5, 11, 167
List the prime factors of 7771.
19, 409
What are the prime factors of 683?
683
What are the prime factors of 12690?
2, 3, 5, 47
List the prime factors of 3885.
3, 5, 7, 37
List the prime factors of 1045.
5, 11, 19
List the prime factors of 9242.
2, 4621
List the prime factors of 8505.
3, 5, 7
What are the prime factors of 2216?
2, 277
List the prime factors of 5874.
2, 3, 11, 89
List the prime factors of 1211.
7, 173
What are the prime factors of 16316?
2, 4079
List the prime factors of 6540.
2, 3, 5, 109
List the prime factors of 4718.
2, 7, 337
What are the prime factors of 10205?
5, 13, 157
What are the prime factors of 6895?
5, 7, 197
List the prime factors of 12568.
2, 1571
List the prime factors of 31609.
73, 433
List the prime factors of 6417.
3, 23, 31
List the prime factors of 45647.
7, 6521
What are the prime factors of 382?
2, 191
List the prime factors of 27912.
2, 3, 1163
What are the prime factors of 522?
2, 3, 29
List the prime factors of 3344.
2, 11, 19
List the prime factors of 6842.
2, 11, 311
What are the prime factors of 4174?
2, 2087
What are the prime factors of 7339?
41, 179
What are the prime factors of 3070?
2, 5, 307
List the prime factors of 37759.
61, 619
List the prime factors of 2943.
3, 109
What are the prime factors of 63282?
2, 3, 53, 199
List the prime factors of 1065.
3, 5, 71
What are the prime factors of 1767?
3, 19, 31
What are the prime factors of 1516?
2, 379
List the prime factors of 4190.
2, 5, 419
What are the prime factors of 7603?
7603
What are the prime factors of 4366?
2, 37, 59
What are the prime factors of 92920?
2, 5, 23, 101
List the prime factors of 2161.
2161
What are the prime factors of 9758?
2, 7, 17, 41
What are the prime factors of 641?
641
What are the prime factors of 1761?
3, 587
What are the prime factors of 414?
2, 3, 23
List the prime factors of 9666.
2, 3, 179
What are the prime factors of 590?
2, 5, 59
What are the prime factors of 25065?
3, 5, 557
What are the prime factors of 2868?
2, 3, 239
List the prime factors of 15696.
2, 3, 109
What are the prime factors of 34023?
3, 11, 1031
List the prime factors of 2036.
2, 509
List the prime factors of 116279.
116279
What are the prime factors of 4676?
2, 7, 167
List the prime factors of 57767.
61, 947
List the prime factors of 4724.
2, 1181
What are the prime factors of 13987?
71, 197
What are the prime factors of 3436?
2, 859
List the prime factors of 66473.
11, 6043
What are the prime factors of 2039?
2039
What are the prime factors of 3063?
3, 1021
List the prime factors of 25799.
25799
What are the prime factors of 25450?
2, 5, 509
List the prime factors of 5999.
7, 857
List the prime factors of 61008.
2, 3, 31, 41
List the prime factors of 7180.
2, 5, 359
List the prime factors of 6133.
6133
List the prime factors of 5987.
5987
What are the prime factors of 5495?
5, 7, 157
List the prime factors of 241.
241
List the prime factors of 105806.
2, 52903
List the prime factors of 4452.
2, 3, 7, 53
What are the prime factors of 2301?
3, 13, 59
List the prime factors of 52509.
3, 23, 761
What are the prime factors of 50030?
2, 5, 5003
What are the prime factors of 449?
449
List the prime factors of 2406.
2, 3, 401
What are the prime factors of 5605?
5, 19, 59
List the prime factors of 590.
2, 5, 59
List the prime factors of 2153.
2153
List the prime factors of 1096.
2, 137
What are the prime factors of 7837?
17, 461
What are the prime factors of 2900?
2, 5, 29
What are the prime factors of 30092?
2, 7523
List the prime factors of 273.
3, 7, 13
List the prime factors of 30595.
5, 29, 211
What are the prime factors of 70649?
31, 43, 53
List the prime factors of 8578.
2, 4289
List the prime factors of 20928.
2, 3, 109
List the prime factors of 1303.
1303
What are the prime factors of 3838?
2, 19, 101
List the prime factors of 1636.
2, 409
List the prime factors of 1067.
11, 97
What are the prime factors of 17183?
17183
What are the prime factors of 986?
2, 17, 29
List the prime factors of 964.
2, 241
List the prime factors of 1841.
7, 263
What are the prime factors of 15160?
2, 5, 379
What are the prime factors of 20922?
2, 3, 11, 317
List the prime factors of 74309.
19, 3911
What are the prime factors of 2222?
2, 11, 101
What are the prime factors of 12483?
3, 19, 73
List the prime factors of 1307.
1307
List the prime factors of 16102.
2, 83, 97
List the prime factors of 11.
11
What are the prime factors of 2633?
2633
What are the prime factors of 89813?
19, 29, 163
What are the prime factors of 1137?
3, 379
List the prime factors of 84134.
2, 23, 31, 59
What are the prime factors of 3386?
2, 1693
List the prime factors of 9494.
2, 47, 101
List the prime factors of 179.
179
What are the prime factors of 6656?
2, 13
What are the prime factors of 52976?
2, 7, 11, 43
List the prime factors of 6081.
3, 2027
What are the prime factors of 4989?
3, 1663
What are the prime factors of 79368?
2, 3, 3307
List the prime factors of 686.
2, 7
What are the prime factors of 1378?
2, 13, 53
List the prime factors of 42838.
2, 21419
What are the prime factors of 1411?
17, 83
What are the prime factors of 1011?
3, 337
What are the prime factors of 1224?
2, 3, 17
List the prime factors of 78960.
2, 3, 5, 7, 47
What are the prime factors of 45198?
2, 3, 31
List the prime factors of 13282.
2, 29, 229
What are the prime factors of 3982?
2, 11, 181
What are the prime factors of 32444?
2, 8111
List the prime factors of 1016.
2, 127
List the prime factors of 1862.
2, 7, 19
What are the prime factors of 1430?
2, 5, 11, 13
What are the prime factors of 624?
2, 3, 13
List the prime factors of 8602.
2, 11, 17, 23
List the prime factors of 46780.
2, 5, 2339
List the prime factors of 1458.
2, 3
List the prime factors of 23515.
5, 4703
What are the prime factors of 11084?
2, 17, 163
List the prime factors of 10437.
3, 7, 71
List the prime factors of 20396.
2, 5099
List the prime factors of 585.
3, 5, 13
What are the prime factors of 236?
2, 59
What are the prime factors of 26098?
2, 13049
List the prime factors of 1881.
3, 11, 19
What are the prime factors of 22540?
2, 5, 7, 23
List the prime factors of 3539.
3539
What are the prime factors of 332?
2, 83
What are the prime factors of 2498?
2, 1249
What are the prime factors of 509?
509
What are the prime factors of 189026?
2, 94513
List the prime factors of 910.
2, 5, 7, 13
What are the prime factors of 81180?
2, 3, 5, 11, 41
What are the prime factors of 2737?
7, 17, 23
List the prime factors of 2530.
2, 5, 11, 23
List the prime factors of 115076.
2, 13, 2213
What are the prime factors of 672?
2, 3, 7
List the prime factors of 19888.
2, 11, 113
List the prime factors of 19985.
5, 7, 571
List the prime factors of 69813.
3, 7757
What are the prime factors of 12869?
17, 757
What are the prime factors of 4199?
13, 17, 19
What are the prime factors of 1175?
5, 47
What are the prime factors of 2426?
2, 1213
What are the prime factors of 480?
2, 3, 5
List the prime factors of 2460.
2, 3, 5, 41
List the prime factors of 6508.
2, 1627
What are the prime factors of 8445?
3, 5, 563
List the prime factors of 286.
2, 11, 13
List the prime factors of 12074.
2, 6037
List the prime factors of 2307.
3, 769
What are the prime factors of 188?
2, 47
What are the prime factors of 12805?
5, 13, 197
List the prime factors of 66386.
2, 19, 1747
What are the prime factors of 11345?
5, 2269
List the prime factors of 2356.
2, 19, 31
What are the prime factors of 1988?
2, 7, 71
List the prime factors of 11643.
3, 3881
List the prime factors of 67763.
67763
List the prime factors of 52970.
2, 5, 5297
List the prime factors of 3234.
2, 3, 7, 11
List the prime factors of 21798.
2, 3, 7, 173
List the prime factors of 1137.
3, 379
What are the prime factors of 14122?
2, 23, 307
What are the prime factors of 690?
2, 3, 5, 23
List the prime factors of 23159.
23159
What are the prime factors of 1007